e 24/20*541 + (-7)/35. Calculate the greatest common divisor of o and 59.
59
Let b be 36/(-12 - -6) - -51. Suppose 9 = s - 0. Calculate the greatest common divisor of s and b.
9
Suppose 8*u - 75 = 245. Suppose 91 + 29 = 2*b. What is the highest common factor of b and u?
20
Let i(c) = 4*c**3 + 2*c**2 - 4*c + 2. Let y be i(1). Calculate the highest common factor of 148 and y.
4
Let c = 11 - 7. Let f be 4/2 - (-2 - -1). Suppose 3*j = -2*p - 11, -f*j = -2*j + 5. What is the highest common divisor of p and c?
2
Let u = 29 - 63. Let j be u/(4/26 + 17/(-26)). What is the highest common factor of j and 17?
17
Let v(r) = -2*r**2 - 114*r - 35. Let g be v(-56). Calculate the greatest common divisor of g and 14.
7
Let a(g) = g**3 - 6*g**2 + 5*g - 21. Let n be (21/(-3))/((-2)/2*1). Let l be a(n). What is the highest common divisor of l and 7?
7
Let p be (1200/210)/(4/14). Let h be 15/(3/(-12) + 1). Calculate the greatest common divisor of h and p.
20
Suppose 7*z - 501 = 6*z - 3*y, 12 = -4*y. What is the highest common divisor of 30 and z?
30
Let i = 10 + -7. Let o(c) = c**2 - 7*c + 12. Let q be o(5). Suppose -18 = -i*n + q*n. What is the greatest common divisor of n and 12?
6
Let s(b) = -5*b + 15. Let z be s(8). Let y = 37 + z. Calculate the highest common factor of y and 2.
2
Let a = 110 - -19. What is the highest common divisor of a and 3?
3
Let h(w) = -5*w**2 - 3*w + 12. Let z be h(-6). Let v = z + 480. Calculate the highest common factor of v and 30.
30
Suppose 5*p - 13 = l, -9*p + 4*l + 2 = -14*p. What is the greatest common factor of p and 46?
2
Let a = 244 + -476. Let h be ((-18)/(-15))/(a/60 - -4). Calculate the greatest common divisor of 21 and h.
3
Suppose -i - 3*h = -18, -3*h = -2*i - i - 6. Suppose 0 = j - 2 + i, -5*u + 243 = -3*j. What is the highest common factor of u and 6?
6
Suppose 59 - 221 = -6*p. Suppose 23*j = p*j - 272. Let v(q) = -q**3 + 5*q**2 + q - 4. Let l be v(3). What is the greatest common factor of l and j?
17
Suppose 2*g = g - l + 45, -4*l - 12 = 0. Suppose -2*t + m + 20 = -3*m, -5*t + 4*m = -56. What is the highest common divisor of t and g?
12
Let a be 64 + (0 - ((-3)/(-1) + -2)). Let k = a + -47. What is the greatest common factor of 4 and k?
4
Suppose 19*a - 18 = 18*a. Suppose -3920 = -32*j + a*j. What is the highest common divisor of j and 28?
28
Let w be (-3)/9*-79 + 1/(-3). Let k = w - -13. What is the highest common divisor of k and 26?
13
Suppose 5*q = 15, 3*q = m + 5*q - 53. Let v be (-5 - 604/(-8))*2. What is the greatest common factor of m and v?
47
Suppose 9 = 4*d - 3. Suppose -d*r + 10 = -2. Calculate the greatest common factor of r and 20.
4
Let l be 2 - (27/(-6) - -1)*-4. Let a(z) = -11*z + 4. Let i be a(l). Calculate the greatest common factor of i and 17.
17
Let q = 55 - -17. What is the highest common divisor of 48 and q?
24
Let g be 5 - ((-10)/(-2) - 2). Suppose 0 = -g*k - 5*v + 45, -5*v - 45 = -5*k + 15. What is the highest common divisor of k and 45?
15
Let n be ((-4)/(-6))/((-14)/(-105)). Suppose -n*c - 5*p + 130 = 0, -3*c + 8*p = 3*p - 46. What is the greatest common factor of 55 and c?
11
Suppose 5*f = 2*v - 78, 3*v - 5*f - 192 = -70. Let m = 2 + -1. Let t be 9 + (m - -1) - 0. Calculate the greatest common divisor of v and t.
11
Suppose 5*w + 35 = 5*k, -w - 7 - 3 = -2*k. Let j be (-1)/k - 272/(-6). Calculate the highest common divisor of j and 18.
9
Let q = 1662 + -1529. Calculate the highest common factor of q and 1995.
133
Let j(h) = 2*h**2 + 25*h - 152. Let p be j(8). What is the highest common divisor of p and 286?
22
Let z be 8/20 + 4/(-10). Suppose -2*t + 4*t - 6 = z. Let q be (16/(-4) - -5)*1. What is the highest common divisor of t and q?
1
Let r be ((-264)/(-10))/4 + (-4)/(-10). Suppose -23 = -m + 5*b, 0 = -6*m + 3*m - b + 5. Suppose -29 = -m*c + r. Calculate the highest common factor of c and 6.
6
Let b(h) = h**3 + 13*h**2 + 13*h - 16. Let c be b(-10). Let g = -83 + 147. Let x = g - 42. Calculate the greatest common divisor of c and x.
22
Suppose 53*b + 15 = 58*b. Calculate the highest common divisor of 7 and b.
1
Let s(p) = -5*p**2 + 161*p - 18. Let t be s(25). What is the highest common factor of 36 and t?
18
Suppose -160 = -18*y + 14*y. Suppose 0*s - 28 = s. Let n = s + y. What is the greatest common factor of 12 and n?
12
Let b = -18 + 6. Let c = b - -15. What is the greatest common factor of 1 and c?
1
Let b be (72/54)/(8/186). Calculate the greatest common factor of b and 403.
31
Suppose -m + 3*m - 132 = 3*l, 0 = -4*m - 2*l + 296. Suppose 5*i + m = 8*i. Calculate the highest common divisor of 16 and i.
8
Let l = -7 - -17. Suppose -l*g = -3*g. Suppose -5*m + 3*o + 93 = g, o + 4*o + 5 = 0. Calculate the highest common divisor of 6 and m.
6
Suppose -3*d - 75 = -8*d - 5*g, 0 = 2*d + g - 30. Calculate the highest common factor of 15 and d.
15
Let d be 6*-26*30/(-72)*8. Calculate the greatest common factor of 320 and d.
40
Suppose 4*r - 6 = -14*u + 9*u, u + 6 = r. What is the highest common factor of 32 and r?
4
Let j = -31 - -4. Let h = 59 + j. Let m(w) = -w - 4. Let p be m(-20). What is the greatest common divisor of p and h?
16
Suppose 2*w = -2*d + 12, -4*d - 18 = -w - d. Suppose 5*t = -4 + w. Calculate the greatest common factor of t and 3.
1
Let i(t) = -8*t - 1. Let m(y) = -4*y - 1. Let g(l) = -3*i(l) + 5*m(l). Let s be g(11). What is the greatest common divisor of 14 and s?
14
Suppose 0 = 183*j - 198*j + 15. Let x(b) = b. Let v be x(1). Calculate the highest common divisor of j and v.
1
Let x be -11*(-1 - (0 + 0)). Let y = -45 - -72. Let l = 28 + y. Calculate the highest common factor of x and l.
11
Let i be (2 + 2)*(-1)/2. Let y be ((-4)/(-8))/(i/(-16)). Suppose -33 = -7*a + y*a. Calculate the greatest common factor of a and 55.
11
Suppose -5*p + 5 = 0, 3*p + p + 4 = 2*k. Suppose -k*i = i - 275. Let z be (66/9)/((-2)/(-3)). What is the greatest common divisor of z and i?
11
Let j be 3*-1 + 2 + 25. Let i(x) = x**3 + 8*x**2 + 14. Let u be i(-8). Let s = j - u. What is the highest common factor of s and 10?
10
Let d(u) = 250*u**3 - 1. Let n be d(1). Let g be n/6 + 12/(-8). What is the greatest common factor of g and 8?
8
Let r be (-14)/(-42) - ((-164)/3 - 0). What is the highest common divisor of r and 11?
11
Let g(w) = w**2 + w - 3. Let s be g(-3). Let x = s + 19. Suppose -3*y - 3*c = -21, 5*c - 21 = -2*y + 8. Calculate the highest common factor of y and x.
2
Suppose 0 = 3*c - 4*n - 10, -5*c + 37 = 5*n - 38. What is the highest common factor of 14 and c?
2
Suppose j - 27 - 24 = 0. Let a = j - 16. Suppose -y - 5 + a = 0. Calculate the highest common divisor of 6 and y.
6
Let j(f) = 12 + 25*f - 5*f**2 - 6*f + f**3 + 14 + 25*f**2. Let h be j(-19). Calculate the highest common factor of h and 13.
13
Suppose 3*f - 7*f = 5*a - 13, 4*f = 4*a - 32. Suppose m - 60 = -4*u, -a*u - 2*m = m - 68. What is the greatest common factor of u and 4?
4
Let q(c) = c**3 - 7*c**2 + 11*c - 4. Let y be q(5). Let u be (-15)/(y/4*-3). What is the highest common divisor of 80 and u?
20
Let c = -228 - -229. What is the greatest common factor of c and 21?
1
Suppose 784 + 962 = 3*t. Calculate the greatest common factor of 12 and t.
6
Let q(a) be the first derivative of a**2/2 - 14*a + 3. Let u be q(22). Calculate the greatest common factor of 20 and u.
4
Let q(o) = -41*o - 98. Let g be q(-4). What is the greatest common divisor of g and 297?
33
Let c(w) = -w**2 + 10*w - 7. Let g be c(10). Let i(k) = -k**2 - 8*k + 5. Let x be i(g). Let t = 3 + 0. What is the highest common divisor of x and t?
3
Let o(c) = -c**2 + 9*c - 5. Let d be (0 + 2)*7/2. Let i be o(d). Let v be 0 + (-1)/1 + 2. Calculate the highest common factor of i and v.
1
Let b be (1*3/15)/(2/10). Suppose -5*t + 5*r = 5, -3*r - 1 + 10 = -t. Calculate the highest common divisor of b and t.
1
Let o(x) = 9*x**2 - 4*x + 1. Let l be o(4). Suppose -3*p + l = 3. Suppose -6*f - 54 = -138. Calculate the highest common factor of f and p.
14
Suppose -1424 = 15*o + 451. Let v = o - -164. Calculate the greatest common divisor of v and 13.
13
Let n(x) be the first derivative of 2*x**3/3 - 8*x**2 + 42*x - 18. Let l be n(8). Calculate the highest common divisor of 6 and l.
6
Let q be ((-112)/21)/(2/(-9)). Suppose 3*r + 0*j - q = j, -j = 3*r - 24. What is the highest comm